me factors of 626816036.
2, 7, 11, 41, 1013
List the prime factors of 61150827.
3, 4007, 5087
What are the prime factors of 139079031?
3, 7, 13, 19, 26813
What are the prime factors of 1596756075?
3, 5, 83, 179, 1433
List the prime factors of 469701870.
2, 3, 5, 11, 1423339
List the prime factors of 131589612.
2, 3, 7, 11, 37, 1283
List the prime factors of 439653593.
401, 1096393
What are the prime factors of 3042686615?
5, 608537323
List the prime factors of 40451042.
2, 20225521
List the prime factors of 49625386.
2, 167, 148579
List the prime factors of 2020139820.
2, 3, 5, 139, 263, 307
List the prime factors of 58779108.
2, 3, 43, 4219
What are the prime factors of 1967492509?
127, 15492067
List the prime factors of 4986859887.
3, 271, 2044633
List the prime factors of 504370415.
5, 97, 113, 9203
List the prime factors of 52532914.
2, 7, 3752351
What are the prime factors of 4295827155?
3, 5, 17, 16846381
What are the prime factors of 134707687?
47, 2866121
What are the prime factors of 2846575753?
7, 14143, 28753
What are the prime factors of 4794053936?
2, 7, 4639, 9227
What are the prime factors of 1739956202?
2, 2543, 342107
List the prime factors of 65701292.
2, 569, 28867
What are the prime factors of 42221033?
37, 1141109
What are the prime factors of 22528212?
2, 3, 7, 269, 997
What are the prime factors of 62976944?
2, 19, 23, 9007
List the prime factors of 33091736.
2, 4136467
What are the prime factors of 8061687?
3, 99527
List the prime factors of 929490122.
2, 11, 23, 1836937
What are the prime factors of 47784920?
2, 5, 509, 2347
What are the prime factors of 2815870746?
2, 3, 13, 36100907
What are the prime factors of 2014641475?
5, 7, 11, 107, 9781
List the prime factors of 689042710.
2, 5, 59, 1167869
What are the prime factors of 481727498?
2, 7, 103, 334069
What are the prime factors of 107334579?
3, 11, 43, 75641
What are the prime factors of 22448603?
37, 739, 821
List the prime factors of 538313215.
5, 11, 9787513
What are the prime factors of 62997862?
2, 31498931
What are the prime factors of 206935317?
3, 2554757
List the prime factors of 1257652409.
13, 41, 503, 4691
List the prime factors of 1150491288.
2, 3, 47937137
List the prime factors of 8713861.
13, 670297
What are the prime factors of 17237271?
3, 31, 73, 2539
List the prime factors of 1506376348.
2, 29, 12986003
What are the prime factors of 1237697347?
71, 4001, 4357
List the prime factors of 145933371.
3, 307, 52817
List the prime factors of 589608809.
31, 73, 260543
What are the prime factors of 350803569?
3, 116934523
What are the prime factors of 23962229?
103, 232643
What are the prime factors of 2171157071?
2171157071
What are the prime factors of 1300048783?
11, 118186253
What are the prime factors of 1015334626?
2, 131, 3875323
What are the prime factors of 3678878780?
2, 5, 183943939
What are the prime factors of 535203972?
2, 3, 43, 345739
List the prime factors of 259295886.
2, 3, 101, 193, 739
What are the prime factors of 65100680?
2, 5, 1009, 1613
What are the prime factors of 29363217?
3, 13, 752903
List the prime factors of 391239630.
2, 3, 5, 41, 229, 463
List the prime factors of 389518945.
5, 77903789
List the prime factors of 90164096.
2, 11, 64037
What are the prime factors of 276539481?
3, 397, 25799
List the prime factors of 244191797.
43, 239, 23761
What are the prime factors of 996230550?
2, 3, 5, 7, 37, 25643
List the prime factors of 73493158.
2, 36746579
What are the prime factors of 4037380038?
2, 3, 61, 127, 3217
What are the prime factors of 174417525?
3, 5, 775189
List the prime factors of 233096316.
2, 3, 17, 29, 31, 41
List the prime factors of 3214945.
5, 631, 1019
What are the prime factors of 1129753889?
11, 19, 59, 8329
What are the prime factors of 32141701?
32141701
List the prime factors of 141266041.
7, 53, 503, 757
What are the prime factors of 646257750?
2, 3, 5, 29, 43, 691
List the prime factors of 85630666.
2, 11, 17, 228959
What are the prime factors of 42194795?
5, 8438959
List the prime factors of 146523150.
2, 3, 5, 325607
List the prime factors of 1538749100.
2, 5, 7, 1021, 2153
What are the prime factors of 1836409812?
2, 3, 19, 313, 25733
List the prime factors of 52604156.
2, 11, 1195549
List the prime factors of 204677265.
3, 5, 13, 61, 17207
What are the prime factors of 407121650?
2, 5, 13, 626341
List the prime factors of 73333125.
3, 5, 13037
What are the prime factors of 562546476?
2, 3, 15626291
List the prime factors of 31128516.
2, 3, 288227
What are the prime factors of 7088017035?
3, 5, 11, 409, 105031
List the prime factors of 109489581.
3, 317, 38377
What are the prime factors of 162972631?
162972631
List the prime factors of 328849296.
2, 3, 1427, 4801
List the prime factors of 41983471.
41983471
What are the prime factors of 339383128?
2, 7, 491, 12343
List the prime factors of 3417675811.
11, 83, 389, 9623
What are the prime factors of 518671185?
3, 5, 34578079
List the prime factors of 1636113455.
5, 1741, 187951
List the prime factors of 83162147.
17, 179, 27329
List the prime factors of 120030857.
120030857
List the prime factors of 2374314821.
2374314821
List the prime factors of 552779456.
2, 8637179
What are the prime factors of 1953813?
3, 651271
List the prime factors of 30711045.
3, 5, 2047403
List the prime factors of 5872861715.
5, 7, 19, 464809
What are the prime factors of 1707276815?
5, 341455363
What are the prime factors of 3034590629?
7, 23, 109, 3529
What are the prime factors of 468682912?
2, 1933, 7577
What are the prime factors of 264433299?
3, 13, 179, 37879
What are the prime factors of 1199463749?
11, 19, 31, 185131
What are the prime factors of 768032424?
2, 3, 701, 15217
What are the prime factors of 877462548?
2, 3, 17, 37, 101, 1151
List the prime factors of 595529171.
37, 89, 180847
List the prime factors of 4255908626.
2, 18803, 113171
What are the prime factors of 172178566?
2, 7, 12298469
List the prime factors of 2516838114.
2, 3, 7, 59924717
What are the prime factors of 1768837052?
2, 53, 8343571
List the prime factors of 140223702.
2, 3, 23370617
What are the prime factors of 384215047?
89, 4317023
List the prime factors of 3103303481.
8513, 364537
What are the prime factors of 307418446?
2, 17, 47, 192377
List the prime factors of 5950488088.
2, 367, 2026733
What are the prime factors of 231993167?
7, 3089, 10729
List the prime factors of 6677110.
2, 5, 11, 101, 601
List the prime factors of 30754494.
2, 3, 149, 11467
What are the prime factors of 1491601675?
5, 17, 173, 20287
List the prime factors of 1294255488.
2, 3, 3370457
List the prime factors of 1167570116.
2, 59, 4947331
List the prime factors of 1915814839.
1915814839
What are the prime factors of 76087130?
2, 5, 7, 61, 103, 173
List the prime factors of 693996668.
2, 41, 4231687
List the prime factors of 708614780.
2, 5, 59, 67, 8963
What are the prime factors of 36990290?
2, 5, 53, 71, 983
List the prime factors of 6831384138.
2, 3, 71, 5345371
List the prime factors of 34255478.
2, 17127739
List the prime factors of 87396145.
5, 271, 64499
List the prime factors of 29313450.
2, 3, 5, 65141
What are the prime factors of 134239791?
3, 7, 163, 39217
List the prime factors of 26368078.
2, 11, 108959
What are the prime factors of 4163684830?
2, 5, 4457, 93419
What are the prime factors of 156920077?
156920077
List the prime factors of 5809344578.
2, 547, 5310187
List the prime factors of 189743537.
23, 8249719
List the prime factors of 3111181878.
2, 3, 7, 4133, 17923
What are the prime factors of 1106305499?
13, 5087, 16729
What are the prime factors of 106787875?
5, 854303
What are the prime factors of 1491505?
5, 199, 1499
List the prime factors of 203016429.
3, 7, 11, 97651
List the prime factors of 69568993.
13, 5351461
What are the prime factors of 66991797?
3, 1801, 4133
List the prime factors of 1847668290.
2, 3, 5, 13, 17, 43, 6481
List the prime factors of 744098721.
3, 17, 1399, 10429
What are the prime factors of 7807949?
643, 12143
What are the prime factors of 947087844?
2, 3, 78923987
List the prime factors of 2588623892.
2, 1193, 542461
List the prime factors of 762688151.
109, 6997139
What are the prime factors of 64496138?
2, 7, 641, 7187
What are the prime factors